 c(0) is divided by a?
12
Calculate the remainder when (-6)/(-4)*(28 - -6) is divided by 18.
15
What is the remainder when 69 is divided by 20 + (-4)/(0 + 2)?
15
Suppose 0 = 5*m + 3*o - 5, m - 6 = 2*o + 8. Let t(r) = r + 11. Let w be t(-10). Calculate the remainder when 9*8/12*w is divided by m.
2
Suppose -5*n + 9 = -3*t - 10, n + 4*t + 10 = 0. Suppose 39 = 3*s - 3*g - g, 4*s - n*g = 52. Calculate the remainder when s is divided by 4.
1
Let o(c) = -6*c - 1. Let m be o(-1). Let w(y) = -y**3 + 7*y**2 - 4*y + 2. Calculate the remainder when w(m) is divided by 17.
15
Suppose 65 + 38 = n. Let l(q) = 25*q**2 + 2*q - 1. What is the remainder when n is divided by l(1)?
25
Let b = 23 + -17. Calculate the remainder when 8 is divided by b.
2
Suppose k - 3*k = -110. Suppose 3*g + 4*z - 61 = -14, -3*z + 24 = g. Suppose g = a - 10. Calculate the remainder when k is divided by a.
17
Suppose 3*o - 3 = 0, 0*k - 4*o = -3*k + 8. Let x = 2 + k. Suppose -t + 8 = -x. Calculate the remainder when 26 is divided by t.
12
Let b(s) = 16*s**2 - 1. Calculate the remainder when 59 is divided by b(1).
14
Let o = 20 - 15. What is the remainder when (-8)/o*(-25)/10 is divided by ((-12)/(-10))/(4/10)?
1
Suppose 2*m - 14 = -5*a + 24, 5*a - 39 = -m. Calculate the remainder when a is divided by 6.
2
Suppose 0*d = -4*d + 172. What is the remainder when d is divided by 11?
10
What is the remainder when 137 + (1 - 0 - 0) is divided by 35?
33
Let o(z) be the second derivative of z**3/3 + 3*z**2 - 4*z. What is the remainder when o(6) is divided by 10?
8
Suppose f = -6*f + 105. Calculate the remainder when 148 is divided by f.
13
Suppose -8*z + 3*z - l = -4, 2*l - 8 = 5*z. Suppose z*d - 21 = -d + p, 0 = 2*d + 5*p - 49. What is the remainder when 41 is divided by d?
19
Let g(k) = k**3 + 7*k**2 + 2*k - 7. Let t(n) = -n**3 - 6*n**2 - 3*n - 9. What is the remainder when g(-6) is divided by t(-6)?
8
Let z(w) = -w**3 + 7*w**2 + w + 11. Calculate the remainder when z(7) is divided by 10.
8
Let w = 142 + -95. What is the remainder when w is divided by 25?
22
Suppose -2*s = -s. Suppose -5*g + s*g - 20 = 0. Calculate the remainder when g + 3 + (-2 - -21) is divided by 10.
8
Suppose f - 1 = 13. Let m(q) = 2*q**2 - 8*q + 1. Let i(a) = 3*a**2 - 9*a + 1. Let t(s) = -3*i(s) + 4*m(s). Calculate the remainder when f is divided by t(-4).
4
Suppose 0 = 5*b - 4*r + 186 - 657, 2*b - 195 = -5*r. Let a = -68 + b. Calculate the remainder when a is divided by 14.
13
Let q = 50 - 17. Let y(p) = -17*p. Let w be y(-2). Suppose -m = m - w. Calculate the remainder when q is divided by m.
16
Let v = 20 - 4. Suppose -30 = 2*m + 50. Let i = m + 71. Calculate the remainder when i is divided by v.
15
Suppose 5*x - 2*t - 339 = 0, -4*t = 4*x - 406 + 146. What is the remainder when x is divided by 10?
7
Suppose 5 = j - 2*f - 2*f, -f + 130 = 5*j. Calculate the remainder when ((-88)/(-32))/(1 + (-105)/108) is divided by j.
24
Let z = 52 + -30. Let v = z - 9. Suppose -3*u = -j + 16, -1 = -j - u - u. Calculate the remainder when v is divided by j.
6
Suppose -3*j = -6*j + 549. Calculate the remainder when j is divided by 46.
45
Calculate the remainder when 2541/44 - 1/(-4) is divided by 15.
13
Suppose 0 = 7*l + 7 - 49. Calculate the remainder when 9 is divided by l.
3
Suppose -65 + 16 = -a + i, -2*a + 104 = -5*i. Suppose 122 - a = 5*s. Let n(y) = y**2 - 4*y + 8. What is the remainder when n(7) is divided by s?
14
Suppose -4*c - 5*j = -1, 0*j - 4*j - 28 = -4*c. Let n = 16 - 10. Calculate the remainder when n is divided by c.
2
Suppose 5*t - 8 = -23. Let q(o) = 4*o - 2. What is the remainder when 15*t*6/(-27) is divided by q(2)?
4
Let p = -25 - -77. What is the remainder when p is divided by 27?
25
Suppose 2*f + a = 5, 0 = -2*f - a + 3*a + 14. Suppose f*s + 32 = 112. Let m(p) = 2*p - 5. Calculate the remainder when s is divided by m(6).
6
Suppose -s = -3*s - 4. Let h = 0 - s. Let z = -2 - -3. What is the remainder when h is divided by z?
0
Let f be (-2 - 1)/((-18)/300). Let m = f + -29. Calculate the remainder when 41 is divided by m.
20
Let k(p) = -2*p**2 + 2*p - 2. Let r be k(2). Let a(x) = -x**3 - 6*x**2 - x + 3. What is the remainder when 17 is divided by a(r)?
8
Suppose 2*h + 3*o - 12 = 0, -3*h + 4*o = h - 44. Calculate the remainder when 34 is divided by h.
7
Suppose 878 = -0*t + 2*t. Let f = -233 + t. Suppose 5*k = -0*a + 4*a + f, 4*a + 38 = k. What is the remainder when k is divided by 11?
9
Let z = 135 - 52. Calculate the remainder when z is divided by 29.
25
Suppose -y + 70 = 4*y. Suppose -2*c + 78 = c. Calculate the remainder when c is divided by y.
12
Suppose 0 = 3*y - 51 - 60. Suppose -4*p + 31 - 11 = 0. Suppose r - p*r = -52. Calculate the remainder when y is divided by r.
11
Suppose -5*g = -82 - 183. What is the remainder when 105 is divided by g?
52
Suppose -5 = -w - 2. Let t(n) = 12*n**2 + n. What is the remainder when t(-1) is divided by w?
2
Suppose 0*l + 2*l - 42 = v, -3*v = -5*l + 106. Suppose -5*m = -35 - 0. What is the remainder when l is divided by m?
6
Suppose 0 = 2*v + 1 - 11. Suppose -o = -v*j - 10, -10 - 8 = -o - 3*j. What is the remainder when o is divided by (-1 + 7)*(-8)/(-6)?
7
Suppose 7*c - 30 = 10*c. Suppose 6*j - 60 = j + 5*b, b - 43 = -4*j. What is the remainder when (-8)/c*(46 + -6) is divided by j?
10
Let q(o) = -o**2 + 9*o - 9. Calculate the remainder when q(6) is divided by (-2 + 4)*12/8.
0
Suppose 0 = 2*g - 7 - 23. Calculate the remainder when g is divided by 9.
6
Let h(c) = c**2 - 5*c + 5. Let k be h(5). Suppose 171 + 79 = k*g. What is the remainder when g is divided by 17?
16
Suppose 6 = -3*y, -114 = -r - 3*r - y. Calculate the remainder when r is divided by 16.
13
Suppose 2*f - 24 = 2*t, f - 2*t - 6 = -3*t. Calculate the remainder when 97 is divided by f.
7
Suppose z - 30 = -9. Let p(d) = d**2 - 4*d - 9. Let c be p(-6). Suppose -w = t - z, 3*w + t - 12 = c. Calculate the remainder when w is divided by 12.
9
Let n = -17 - -41. Let j(v) = -v**2 + 15*v + 13. What is the remainder when n is divided by j(15)?
11
Suppose -4*u - 30 = -7*u - 3*v, -56 = -5*u - 3*v. Calculate the remainder when u is divided by 7.
6
Suppose -5*h = 5*n, -5*n + 5*h + 20 = -10. Suppose -n*j + 2*j = -5. What is the remainder when j is divided by 2?
1
Suppose 3*k - 81 = -15. Let h = k + -19. What is the remainder when 6 is divided by h?
0
What is the remainder when 3 is divided by 4 + (3 - 20/4)?
1
Let i(q) = -q - 5. What is the remainder when 9 is divided by i(-11)?
3
Let u = 109 - 44. Calculate the remainder when u is divided by 11.
10
Suppose -3*r + m - 4*m + 72 = 0, 2*r - 45 = m. What is the remainder when r is divided by 8?
7
Suppose -3*j + w = -47, -2*j + 1 = 5*w - 2. Let g = 32 - 140. Calculate the remainder when (g/(-10))/((-3)/(-15)) is divided by j.
12
Suppose -3*x - 2*f - 5 = -6*x, 2*f = -2*x + 10. What is the remainder when (x*13)/1 - 2 is divided by 13?
11
Suppose -2*j - r = 116, 5*j + r = -4*r - 290. What is the remainder when 23 is divided by j/(-7) + 4/(-14)?
7
Let q be -3 + 1 - -2*1. Suppose 38 = f - q*f. What is the remainder when f is divided by 10?
8
Suppose -b = 2*w + 8 - 23, -5*w - 5*b = -45. Let o = w - 2. Suppose -u - 3*u = -8. What is the remainder when o is divided by u?
0
Suppose 46 = 4*y - 78. What is the remainder when y is divided by 8?
7
Let z(t) = t**3 - 4*t**2 + 6*t + 5. Calculate the remainder when z(5) is divided by 21.
18
Suppose 0*u + 20 = 2*u - 4*v, 65 = 5*u + 5*v. Calculate the remainder when 94 is divided by u.
10
Suppose -2*j = 2*g - 19 - 39, -2*j + 49 = 5*g. What is the remainder when j is divided by 11?
10
Suppose -11*z + 8*z = -60. Calculate the remainder when 77 is divided by z.
17
Let v = -250 - -352. Calculate the remainder when v/4 - (-5)/(-10) is divided by 13.
12
Let d = 183 - 79. Suppose -10 = 2*g + 4*n, -n + 3 = 3*g - 2. Suppose 54 = 3*s - 5*l, -7*l = 4*s - g*l - d. Calculate the remainder when s is divided by 8.
7
Suppose 0 = 6*s - 2*s + 2*f - 78, 3*f - 22 = -s. Let k = s + -10. Let g = 31 + -15. Calculate the remainder when g is divided by k.
7
Let l(v) = 2*v**2 + 5*v + 6. Let i = 6 - 4. Suppose -4*f - 3 = 2*s - 9*f, s + i = 2*f. What is the remainder when 34 is divided by l(s)?
16
Let t = -15 - -25. What is the remainder when 18 is divided by t?
8
Let x(r) = r